{"id":53,"date":"2018-10-04T05:28:43","date_gmt":"2018-10-04T05:28:43","guid":{"rendered":"https:\/\/www.andorra-advisors.com\/ca\/?page_id=53"},"modified":"2022-02-22T11:02:11","modified_gmt":"2022-02-22T11:02:11","slug":"criteris-residencia-fiscal-andorra","status":"publish","type":"page","link":"https:\/\/www.andorra-advisors.com\/ca\/criteris-residencia-fiscal-andorra\/","title":{"rendered":"Criteris resid\u00e8ncia fiscal"},"content":{"rendered":"","protected":false},"excerpt":{"rendered":"","protected":false},"author":1,"featured_media":1923,"parent":0,"menu_order":0,"comment_status":"closed","ping_status":"closed","template":"andorra-innerpage.php","meta":{"_acf_changed":false,"footnotes":""},"class_list":["post-53","page","type-page","status-publish","has-post-thumbnail","hentry"],"acf":[],"yoast_head":"<!-- This site is optimized with the Yoast SEO plugin v24.6 - https:\/\/yoast.com\/wordpress\/plugins\/seo\/ -->\n<title>Criteris per a la resid\u00e8ncia fiscal a Andorra -Andorra Advisors by Aug\u00e9 Grup<\/title>\n<meta name=\"description\" content=\"Molts empresaris volen tenir la seva resid\u00e8ncia fiscal a Andorra i aix\u00ed patir una c\u00e0rrega fiscal menor. A Andorra Advisors by Aug\u00e9 Grup t&#039;assessorem sobre els seus requisits.\" \/>\n<meta name=\"robots\" content=\"index, follow, max-snippet:-1, max-image-preview:large, max-video-preview:-1\" \/>\n<link rel=\"canonical\" href=\"https:\/\/www.andorra-advisors.com\/ca\/criteris-residencia-fiscal-andorra\/\" \/>\n<meta property=\"og:locale\" content=\"ca_ES\" \/>\n<meta property=\"og:type\" content=\"article\" \/>\n<meta property=\"og:title\" content=\"Criteris per a la resid\u00e8ncia fiscal a Andorra -Andorra Advisors by Aug\u00e9 Grup\" \/>\n<meta property=\"og:description\" content=\"Molts empresaris volen tenir la seva resid\u00e8ncia fiscal a Andorra i aix\u00ed patir una c\u00e0rrega fiscal menor. A Andorra Advisors by Aug\u00e9 Grup t&#039;assessorem sobre els seus requisits.\" \/>\n<meta property=\"og:url\" content=\"https:\/\/www.andorra-advisors.com\/ca\/criteris-residencia-fiscal-andorra\/\" \/>\n<meta property=\"og:site_name\" content=\"Andorra Advisors\" \/>\n<meta property=\"article:modified_time\" content=\"2022-02-22T11:02:11+00:00\" \/>\n<meta property=\"og:image\" content=\"https:\/\/www.andorra-advisors.com\/ca\/wp-content\/uploads\/2020\/05\/andorra_featured_Criteris-de-resid\u00e8ncia-fiscal-a-Andorra.png\" \/>\n\t<meta property=\"og:image:width\" content=\"600\" \/>\n\t<meta property=\"og:image:height\" content=\"315\" \/>\n\t<meta property=\"og:image:type\" content=\"image\/png\" \/>\n<meta name=\"twitter:card\" content=\"summary_large_image\" \/>\n<script type=\"application\/ld+json\" class=\"yoast-schema-graph\">{\"@context\":\"https:\/\/schema.org\",\"@graph\":[{\"@type\":\"WebPage\",\"@id\":\"https:\/\/www.andorra-advisors.com\/ca\/criteris-residencia-fiscal-andorra\/\",\"url\":\"https:\/\/www.andorra-advisors.com\/ca\/criteris-residencia-fiscal-andorra\/\",\"name\":\"Criteris per a la resid\u00e8ncia fiscal a Andorra -Andorra Advisors by Aug\u00e9 Grup\",\"isPartOf\":{\"@id\":\"https:\/\/www.andorra-advisors.com\/ca\/#website\"},\"primaryImageOfPage\":{\"@id\":\"https:\/\/www.andorra-advisors.com\/ca\/criteris-residencia-fiscal-andorra\/#primaryimage\"},\"image\":{\"@id\":\"https:\/\/www.andorra-advisors.com\/ca\/criteris-residencia-fiscal-andorra\/#primaryimage\"},\"thumbnailUrl\":\"https:\/\/www.andorra-advisors.com\/ca\/wp-content\/uploads\/2020\/05\/andorra_featured_Criteris-de-resid\u00e8ncia-fiscal-a-Andorra.png\",\"datePublished\":\"2018-10-04T05:28:43+00:00\",\"dateModified\":\"2022-02-22T11:02:11+00:00\",\"description\":\"Molts empresaris volen tenir la seva resid\u00e8ncia fiscal a Andorra i aix\u00ed patir una c\u00e0rrega fiscal menor. A Andorra Advisors by Aug\u00e9 Grup t'assessorem sobre els seus requisits.\",\"breadcrumb\":{\"@id\":\"https:\/\/www.andorra-advisors.com\/ca\/criteris-residencia-fiscal-andorra\/#breadcrumb\"},\"inLanguage\":\"ca\",\"potentialAction\":[{\"@type\":\"ReadAction\",\"target\":[\"https:\/\/www.andorra-advisors.com\/ca\/criteris-residencia-fiscal-andorra\/\"]}]},{\"@type\":\"ImageObject\",\"inLanguage\":\"ca\",\"@id\":\"https:\/\/www.andorra-advisors.com\/ca\/criteris-residencia-fiscal-andorra\/#primaryimage\",\"url\":\"https:\/\/www.andorra-advisors.com\/ca\/wp-content\/uploads\/2020\/05\/andorra_featured_Criteris-de-resid\u00e8ncia-fiscal-a-Andorra.png\",\"contentUrl\":\"https:\/\/www.andorra-advisors.com\/ca\/wp-content\/uploads\/2020\/05\/andorra_featured_Criteris-de-resid\u00e8ncia-fiscal-a-Andorra.png\",\"width\":600,\"height\":315,\"caption\":\"andorra_featured Criteris-de-resid\u00e8ncia fiscal a Andorra\"},{\"@type\":\"BreadcrumbList\",\"@id\":\"https:\/\/www.andorra-advisors.com\/ca\/criteris-residencia-fiscal-andorra\/#breadcrumb\",\"itemListElement\":[{\"@type\":\"ListItem\",\"position\":1,\"name\":\"Inici\",\"item\":\"https:\/\/www.andorra-advisors.com\/ca\/\"},{\"@type\":\"ListItem\",\"position\":2,\"name\":\"Criteris resid\u00e8ncia fiscal\"}]},{\"@type\":\"WebSite\",\"@id\":\"https:\/\/www.andorra-advisors.com\/ca\/#website\",\"url\":\"https:\/\/www.andorra-advisors.com\/ca\/\",\"name\":\"Andorra Advisors\",\"description\":\"\",\"potentialAction\":[{\"@type\":\"SearchAction\",\"target\":{\"@type\":\"EntryPoint\",\"urlTemplate\":\"https:\/\/www.andorra-advisors.com\/ca\/?s={search_term_string}\"},\"query-input\":{\"@type\":\"PropertyValueSpecification\",\"valueRequired\":true,\"valueName\":\"search_term_string\"}}],\"inLanguage\":\"ca\"}]}<\/script>\n<!-- \/ Yoast SEO plugin. -->","yoast_head_json":{"title":"Criteris per a la resid\u00e8ncia fiscal a Andorra -Andorra Advisors by Aug\u00e9 Grup","description":"Molts empresaris volen tenir la seva resid\u00e8ncia fiscal a Andorra i aix\u00ed patir una c\u00e0rrega fiscal menor. A Andorra Advisors by Aug\u00e9 Grup t'assessorem sobre els seus requisits.","robots":{"index":"index","follow":"follow","max-snippet":"max-snippet:-1","max-image-preview":"max-image-preview:large","max-video-preview":"max-video-preview:-1"},"canonical":"https:\/\/www.andorra-advisors.com\/ca\/criteris-residencia-fiscal-andorra\/","og_locale":"ca_ES","og_type":"article","og_title":"Criteris per a la resid\u00e8ncia fiscal a Andorra -Andorra Advisors by Aug\u00e9 Grup","og_description":"Molts empresaris volen tenir la seva resid\u00e8ncia fiscal a Andorra i aix\u00ed patir una c\u00e0rrega fiscal menor. A Andorra Advisors by Aug\u00e9 Grup t'assessorem sobre els seus requisits.","og_url":"https:\/\/www.andorra-advisors.com\/ca\/criteris-residencia-fiscal-andorra\/","og_site_name":"Andorra Advisors","article_modified_time":"2022-02-22T11:02:11+00:00","og_image":[{"width":600,"height":315,"url":"https:\/\/www.andorra-advisors.com\/ca\/wp-content\/uploads\/2020\/05\/andorra_featured_Criteris-de-resid\u00e8ncia-fiscal-a-Andorra.png","type":"image\/png"}],"twitter_card":"summary_large_image","schema":{"@context":"https:\/\/schema.org","@graph":[{"@type":"WebPage","@id":"https:\/\/www.andorra-advisors.com\/ca\/criteris-residencia-fiscal-andorra\/","url":"https:\/\/www.andorra-advisors.com\/ca\/criteris-residencia-fiscal-andorra\/","name":"Criteris per a la resid\u00e8ncia fiscal a Andorra -Andorra Advisors by Aug\u00e9 Grup","isPartOf":{"@id":"https:\/\/www.andorra-advisors.com\/ca\/#website"},"primaryImageOfPage":{"@id":"https:\/\/www.andorra-advisors.com\/ca\/criteris-residencia-fiscal-andorra\/#primaryimage"},"image":{"@id":"https:\/\/www.andorra-advisors.com\/ca\/criteris-residencia-fiscal-andorra\/#primaryimage"},"thumbnailUrl":"https:\/\/www.andorra-advisors.com\/ca\/wp-content\/uploads\/2020\/05\/andorra_featured_Criteris-de-resid\u00e8ncia-fiscal-a-Andorra.png","datePublished":"2018-10-04T05:28:43+00:00","dateModified":"2022-02-22T11:02:11+00:00","description":"Molts empresaris volen tenir la seva resid\u00e8ncia fiscal a Andorra i aix\u00ed patir una c\u00e0rrega fiscal menor. A Andorra Advisors by Aug\u00e9 Grup t'assessorem sobre els seus requisits.","breadcrumb":{"@id":"https:\/\/www.andorra-advisors.com\/ca\/criteris-residencia-fiscal-andorra\/#breadcrumb"},"inLanguage":"ca","potentialAction":[{"@type":"ReadAction","target":["https:\/\/www.andorra-advisors.com\/ca\/criteris-residencia-fiscal-andorra\/"]}]},{"@type":"ImageObject","inLanguage":"ca","@id":"https:\/\/www.andorra-advisors.com\/ca\/criteris-residencia-fiscal-andorra\/#primaryimage","url":"https:\/\/www.andorra-advisors.com\/ca\/wp-content\/uploads\/2020\/05\/andorra_featured_Criteris-de-resid\u00e8ncia-fiscal-a-Andorra.png","contentUrl":"https:\/\/www.andorra-advisors.com\/ca\/wp-content\/uploads\/2020\/05\/andorra_featured_Criteris-de-resid\u00e8ncia-fiscal-a-Andorra.png","width":600,"height":315,"caption":"andorra_featured Criteris-de-resid\u00e8ncia fiscal a Andorra"},{"@type":"BreadcrumbList","@id":"https:\/\/www.andorra-advisors.com\/ca\/criteris-residencia-fiscal-andorra\/#breadcrumb","itemListElement":[{"@type":"ListItem","position":1,"name":"Inici","item":"https:\/\/www.andorra-advisors.com\/ca\/"},{"@type":"ListItem","position":2,"name":"Criteris resid\u00e8ncia fiscal"}]},{"@type":"WebSite","@id":"https:\/\/www.andorra-advisors.com\/ca\/#website","url":"https:\/\/www.andorra-advisors.com\/ca\/","name":"Andorra Advisors","description":"","potentialAction":[{"@type":"SearchAction","target":{"@type":"EntryPoint","urlTemplate":"https:\/\/www.andorra-advisors.com\/ca\/?s={search_term_string}"},"query-input":{"@type":"PropertyValueSpecification","valueRequired":true,"valueName":"search_term_string"}}],"inLanguage":"ca"}]}},"_links":{"self":[{"href":"https:\/\/www.andorra-advisors.com\/ca\/wp-json\/wp\/v2\/pages\/53","targetHints":{"allow":["GET"]}}],"collection":[{"href":"https:\/\/www.andorra-advisors.com\/ca\/wp-json\/wp\/v2\/pages"}],"about":[{"href":"https:\/\/www.andorra-advisors.com\/ca\/wp-json\/wp\/v2\/types\/page"}],"author":[{"embeddable":true,"href":"https:\/\/www.andorra-advisors.com\/ca\/wp-json\/wp\/v2\/users\/1"}],"replies":[{"embeddable":true,"href":"https:\/\/www.andorra-advisors.com\/ca\/wp-json\/wp\/v2\/comments?post=53"}],"version-history":[{"count":19,"href":"https:\/\/www.andorra-advisors.com\/ca\/wp-json\/wp\/v2\/pages\/53\/revisions"}],"predecessor-version":[{"id":2361,"href":"https:\/\/www.andorra-advisors.com\/ca\/wp-json\/wp\/v2\/pages\/53\/revisions\/2361"}],"wp:featuredmedia":[{"embeddable":true,"href":"https:\/\/www.andorra-advisors.com\/ca\/wp-json\/wp\/v2\/media\/1923"}],"wp:attachment":[{"href":"https:\/\/www.andorra-advisors.com\/ca\/wp-json\/wp\/v2\/media?parent=53"}],"curies":[{"name":"wp","href":"https:\/\/api.w.org\/{rel}","templated":true}]}}

Criteris residència fiscal

<!-- This site is optimized with the Yoast SEO plugin v24.6 - https://yoast.com/wordpress/plugins/seo/ -->
<title>Criteris per a la residència fiscal a Andorra -Andorra Advisors by Augé Grup</title>
<meta name="description" content="Molts empresaris volen tenir la seva residència fiscal a Andorra i així patir una càrrega fiscal menor. A Andorra Advisors by Augé Grup t&#039;assessorem sobre els seus requisits." />
<meta name="robots" content="index, follow, max-snippet:-1, max-image-preview:large, max-video-preview:-1" />
<link rel="canonical" href="https://www.andorra-advisors.com/ca/criteris-residencia-fiscal-andorra/" />
<meta property="og:locale" content="ca_ES" />
<meta property="og:type" content="article" />
<meta property="og:title" content="Criteris per a la residència fiscal a Andorra -Andorra Advisors by Augé Grup" />
<meta property="og:description" content="Molts empresaris volen tenir la seva residència fiscal a Andorra i així patir una càrrega fiscal menor. A Andorra Advisors by Augé Grup t&#039;assessorem sobre els seus requisits." />
<meta property="og:url" content="https://www.andorra-advisors.com/ca/criteris-residencia-fiscal-andorra/" />
<meta property="og:site_name" content="Andorra Advisors" />
<meta property="article:modified_time" content="2022-02-22T11:02:11+00:00" />
<meta property="og:image" content="https://www.andorra-advisors.com/ca/wp-content/uploads/2020/05/andorra_featured_Criteris-de-residència-fiscal-a-Andorra.png" />
	<meta property="og:image:width" content="600" />
	<meta property="og:image:height" content="315" />
	<meta property="og:image:type" content="image/png" />
<meta name="twitter:card" content="summary_large_image" />
<script type="application/ld+json" class="yoast-schema-graph">{"@context":"https://schema.org","@graph":[{"@type":"WebPage","@id":"https://www.andorra-advisors.com/ca/criteris-residencia-fiscal-andorra/","url":"https://www.andorra-advisors.com/ca/criteris-residencia-fiscal-andorra/","name":"Criteris per a la residència fiscal a Andorra -Andorra Advisors by Augé Grup","isPartOf":{"@id":"https://www.andorra-advisors.com/ca/#website"},"primaryImageOfPage":{"@id":"https://www.andorra-advisors.com/ca/criteris-residencia-fiscal-andorra/#primaryimage"},"image":{"@id":"https://www.andorra-advisors.com/ca/criteris-residencia-fiscal-andorra/#primaryimage"},"thumbnailUrl":"https://www.andorra-advisors.com/ca/wp-content/uploads/2020/05/andorra_featured_Criteris-de-residència-fiscal-a-Andorra.png","datePublished":"2018-10-04T05:28:43+00:00","dateModified":"2022-02-22T11:02:11+00:00","description":"Molts empresaris volen tenir la seva residència fiscal a Andorra i així patir una càrrega fiscal menor. A Andorra Advisors by Augé Grup t'assessorem sobre els seus requisits.","breadcrumb":{"@id":"https://www.andorra-advisors.com/ca/criteris-residencia-fiscal-andorra/#breadcrumb"},"inLanguage":"ca","potentialAction":[{"@type":"ReadAction","target":["https://www.andorra-advisors.com/ca/criteris-residencia-fiscal-andorra/"]}]},{"@type":"ImageObject","inLanguage":"ca","@id":"https://www.andorra-advisors.com/ca/criteris-residencia-fiscal-andorra/#primaryimage","url":"https://www.andorra-advisors.com/ca/wp-content/uploads/2020/05/andorra_featured_Criteris-de-residència-fiscal-a-Andorra.png","contentUrl":"https://www.andorra-advisors.com/ca/wp-content/uploads/2020/05/andorra_featured_Criteris-de-residència-fiscal-a-Andorra.png","width":600,"height":315,"caption":"andorra_featured Criteris-de-residència fiscal a Andorra"},{"@type":"BreadcrumbList","@id":"https://www.andorra-advisors.com/ca/criteris-residencia-fiscal-andorra/#breadcrumb","itemListElement":[{"@type":"ListItem","position":1,"name":"Inici","item":"https://www.andorra-advisors.com/ca/"},{"@type":"ListItem","position":2,"name":"Criteris residència fiscal"}]},{"@type":"WebSite","@id":"https://www.andorra-advisors.com/ca/#website","url":"https://www.andorra-advisors.com/ca/","name":"Andorra Advisors","description":"","potentialAction":[{"@type":"SearchAction","target":{"@type":"EntryPoint","urlTemplate":"https://www.andorra-advisors.com/ca/?s={search_term_string}"},"query-input":{"@type":"PropertyValueSpecification","valueRequired":true,"valueName":"search_term_string"}}],"inLanguage":"ca"}]}</script>
<!-- / Yoast SEO plugin. -->

Criteris per a la residència fiscal a Andorra -Andorra Advisors by Augé Grup

Molts empresaris volen tenir la seva residència fiscal a Andorra i així patir una càrrega fiscal menor. A Andorra Advisors by Augé Grup t'assessorem sobre els seus requisits.

https://www.andorra-advisors.com/ca/wp-content/uploads/2020/05/andorra_featured_Criteris-de-residència-fiscal-a-Andorra.png

andorra_featured Criteris-de-residència fiscal a Andorra
